Let m be (q/45)/(2/(-3)). Calculate the greatest common divisor of n and m.
22
Suppose -120*o = -28*o - 16100. Calculate the greatest common divisor of o and 7575.
25
Let x be ((-2)/(-6))/((-87)/(-6786)). Calculate the greatest common divisor of x and 312.
26
Let o(b) = -b**3 + 3*b**2 - 8*b + 38. Let q be o(7). Let l = 270 + q. What is the highest common factor of 80 and l?
8
Suppose 0 = 10*p - 5*p + 110. Let t = p + 130. Suppose -13*y = -9*y - t. Calculate the greatest common factor of 216 and y.
27
Suppose 36*v + 14364 = -2*v. Let j = v + 420. Calculate the greatest common divisor of j and 6.
6
Let v be 3 + -2 + 83*1. Let y = 3008 + -2896. What is the greatest common divisor of v and y?
28
Let p = 7655 + -3422. What is the greatest common factor of p and 51?
51
Let k be (-866)/(-6) + (-10)/(-6). Calculate the greatest common divisor of 3942 and k.
146
Let g = -85 - -89. Suppose v + 95 = -4*m, -v + 3*v - 86 = g*m. Let y be ((-4)/6)/(m/414). What is the highest common divisor of y and 108?
12
Suppose -c = 2*w - 15, w + 3*w - 51 = -5*c. Let v be (-33855)/(-105) + 4/c. Calculate the highest common divisor of v and 38.
19
Let q(l) = 38*l - 750. Let b be q(21). What is the highest common divisor of b and 9960?
24
Let m(f) = -5*f**3 + 9*f**2 + 7*f. Let a be m(-3). What is the greatest common factor of 52 and a?
13
Let q be 2/20 + 367004/760 - 6. What is the highest common factor of q and 9?
9
Let r be ((0 - 3) + -17)/(-2). Let m(u) = 2*u**3 - 15*u**2 + 5*u + 74. Let q be m(r). Calculate the highest common divisor of q and 78.
78
Suppose -50*a = -6320 - 3130. What is the greatest common divisor of 72 and a?
9
Let z(r) = r**3 - 62*r**2 - 129*r + 88. Let f be z(64). What is the highest common divisor of 162 and f?
6
Let j be 3/76*-28 + 2/19. Let p be (5 - -4)*(j - -3). Calculate the greatest common factor of 72 and p.
18
Let o be (4 - (-5 + 2))/(1/(-17)). Let m = o + 122. Calculate the greatest common factor of m and 15.
3
Let u(d) = d**2 - 5*d + 14. Let v be u(6). Suppose 5*k - v = 4*k. Suppose 1 + k = 3*z. Calculate the highest common factor of z and 21.
7
Let q(x) = -9*x**3 - 6*x**2 + 12*x + 4. Let r be q(3). Let i = 523 + r. Calculate the highest common divisor of i and 38.
38
Let l(g) = -75*g + 923. Let p be l(9). Calculate the highest common divisor of 62 and p.
62
Suppose -104 = 36*l - 32*l. Let y = l + 30. Let h be 3/1 + -2 + 9. Calculate the greatest common factor of h and y.
2
Let v(u) = u**3 + 10*u**2 + 4*u + 34. Let m be v(-10). Let y be 4/m + (-3920)/(-21) + 0. What is the greatest common divisor of y and 124?
62
Let p(x) = 129*x - 696. Let n be p(6). Calculate the highest common factor of n and 5954.
26
Let j(o) = -2*o**3 - 21*o**2 + 27*o + 48. Let l be j(-12). What is the greatest common divisor of l and 2388?
12
Suppose -8*n + 617 = -967. Suppose n*o - 252 = 189*o. What is the greatest common factor of 112 and o?
28
Suppose -20 = -x - 4. Suppose -x*o = 32*o - 10800. Calculate the highest common divisor of o and 27.
9
Suppose -5*o - 2*z = -1035, -4*z = 27*o - 29*o + 390. Let v be 3/(9/249) + 6/(-6). What is the greatest common factor of o and v?
41
Let l be (-8)/(-5)*10/4. Suppose 0 = l*g - v - 156, -84 = g - 3*g - v. What is the highest common divisor of g and 360?
40
Let t(l) = 2*l**2. Let g be t(1). Let k = 74 - 68. Suppose -k*o + 108 = -g*o. What is the highest common factor of 9 and o?
9
Suppose -2*i = -4*h + 12, h - 4*i - 3694 = -3684. What is the greatest common divisor of 1502 and h?
2
Suppose -26*c + 100 = -56. Let x be -168*(-2 - (6 - c)). Suppose -3*m = -5*v - 149, 3*m + 14 = -3*v + 155. What is the highest common divisor of m and x?
48
Let m = 1543 - 913. Let l = -618 + m. Let w(y) = -32*y - 4. Let r be w(-5). Calculate the greatest common factor of r and l.
12
Let p(i) = 6*i + 45. Let n(s) = s + 2. Let c(d) = -18*n(d) + 2*p(d). Let o be c(8). Calculate the greatest common divisor of 186 and o.
6
Suppose -10*b + 108395 = -b - 4*b. Calculate the greatest common divisor of 133 and b.
133
Suppose 4032 = 44*h - 2*h. What is the greatest common factor of h and 168?
24
Let h be (-2)/(-7) - (-133)/49. Let d be (-1)/h*(-180)/2. Calculate the greatest common divisor of 75 and d.
15
Let t = -16 + 17. Let a be -2 - 28/((4 + t)/(-5)). Suppose 3*h - 368 - 490 = 0. What is the highest common factor of h and a?
26
Suppose -3*b + 584 = -2*i, -b + 0*b - 4*i + 176 = 0. Let j be ((-135)/10)/((-1116)/1984). What is the greatest common factor of j and b?
24
Let u(z) = -12*z + 156. Let o be u(5). Let w = 13 + -10. Calculate the greatest common divisor of w and o.
3
Let t be -2 - (0 - 2) - (-3 + -12). What is the greatest common divisor of t and 55?
5
Let w = -21901 - -21906. Let l = 194 - -71. What is the greatest common divisor of w and l?
5
Suppose 3*a - 12 = -a, -3*b + 24 = 4*a. Suppose 2*k - 3*k = b*n + 17, 0 = 5*k - n - 20. What is the highest common factor of 51 and k?
3
Let r = -2906 + 3076. Calculate the greatest common factor of r and 918.
34
Let t(g) = 0*g + 247*g**2 + 2*g + 129*g**2 - 6*g + 2. Let i be t(1). Calculate the highest common divisor of i and 22.
22
Let z = 1709 - 1573. What is the highest common factor of 152 and z?
8
Suppose 45*o - 40*o = 1080. Suppose -2*s = -o - 536. Calculate the greatest common factor of s and 47.
47
Let o(s) = -2*s**2 - 11*s + 21. Suppose -4*l = 33 - 5. Let i be o(l). Let w(t) = 5*t + 3. Let p be w(i). Calculate the highest common divisor of p and 24.
3
Let x(f) = 21*f**2 + 172*f - 43*f**2 + 20*f**2 + 4 - 175*f + f**3. Let q be -1 + 3/(3/4). Let p be x(q). What is the highest common divisor of p and 28?
4
Let g be 0 - (-5)/((-20)/276). Let z = 322 + -375. Let s = z - g. Calculate the highest common factor of 8 and s.
8
Let r(o) = 111*o**3 - 3*o**2 + 21*o - 78. Let q be r(3). Calculate the highest common divisor of q and 10.
5
Let u(x) = 10*x**3 + 2*x**2. Let b = 1021 - 1020. Let y be u(b). Suppose -237 = -3*n - 3*f, 4*n - 75 = -f + 256. Calculate the highest common factor of n and y.
12
Let l = -18704 - -19235. Let u = -111 - -170. Calculate the greatest common divisor of u and l.
59
Let d = -16442 + 17514. Calculate the greatest common factor of d and 6164.
268
Suppose 32975 = -2*a + 22*a - 42545. Calculate the greatest common factor of 1180 and a.
236
Suppose 7*g + 8*g - 129094 = -39259. What is the greatest common factor of g and 339?
113
Suppose 49*d - 33*d - 116820 = -102*d. What is the greatest common factor of 1210 and d?
110
Let g(j) = j**2 + 77*j + 676. Let r be g(-70). What is the highest common divisor of 78 and r?
6
Suppose -10 = -4*l + 2. Suppose -l*r = -w - 209, -r - w = -2*r + 69. Calculate the highest common divisor of r and 10.
10
Let x = 737 - 735. Let m be (-32 + x/(-1))*(-34)/2. What is the greatest common factor of 34 and m?
34
Suppose -158 = -10*p - 3*p + 752. What is the highest common divisor of 4634 and p?
14
Let o = -19 + 10. Let n(p) = -p**3 - 7*p**2 + p - 25. Let u be n(o). Let b = u - 98. What is the greatest common factor of 135 and b?
15
Suppose 2*h = -2*s + 16600, -2*s - 588 = h - 8884. Calculate the highest common divisor of h and 144.
48
Let q be (3 - 87)*((-26)/7 - 198/(-99)). Suppose -5*f - 3*n = -1905, 4*f - 2*f - 773 = n. Calculate the greatest common factor of q and f.
48
Let m = -44 - -66. Let g be 21/(28 - (-9210)/(-330)). Calculate the highest common divisor of m and g.
11
Let d(l) = 69*l + 139. Let c be d(-3). Let m(b) = 15*b**3 - b - 2. Let n be m(2). Let v = c + n. What is the highest common factor of v and 528?
48
Let i be 41/(8528/1023555) - (-1)/(18 - 2). What is the highest common factor of 518 and i?
259
Let r = -25638 + 25663. What is the greatest common divisor of r and 745?
5
Suppose -2*p + 2 = -2. Suppose 0 = -21*v - 159 - 177. Let r be -26*(v/28 + (-9)/21). What is the greatest common divisor of r and p?
2
Let o = 3 - -8. Suppose -o*t + 13*t = 66. Calculate the highest common divisor of t and 165.
33
Let c = -118 + 226. Let y(m) = m**2 + 6*m - 2970. Let f be y(54). Calculate the greatest common divisor of f and c.
54
Let o be (4 - 2/2)*2. Suppose y - 4*v + v = 5, 2*y - 5*v = 10. Suppose -w - f = -11, -y*w + 3 = -7*w + 3*f. Calculate the greatest common divisor of w and o.
6
Let p be ((-1)/(-2)*4)/2. Suppose -t + 3*b + p = 0, -5*t + 5*b + 4 = 